5
Let o(m) = 77*m**2 - 2*m - 1. What are the prime factors of o(-1)?
2, 3, 13
Let u(d) = d**3 + 8*d**2 - 10*d + 9. Let h be u(-9). Let z = 26 - h. What are the prime factors of z?
2
List the prime factors of (-12)/8*-6 + -3.
2, 3
Let i = 10 + -3. List the prime factors of i.
7
Let d(n) = -n**3 - 7*n**2 - 2*n + 4. What are the prime factors of d(-7)?
2, 3
Let u be (-2)/9 + (-20)/(-9). Let t be (-9)/(-6)*(-2)/(-3). Let v = u + t. List the prime factors of v.
3
What are the prime factors of (60/(-18))/((-2)/57)?
5, 19
Let o be (-4)/8*(-1 - -7). Let s be o/(2 - 21/6). Suppose -68 = -s*c - 2*c. List the prime factors of c.
17
Let k(j) = 2*j**2 + 0 - 2 - 7*j + 5. Let q be k(5). Suppose 3*s = 5*s - q. List the prime factors of s.
3
Let z(f) = 2*f - 4. Let v be z(3). What are the prime factors of (14/6 - v)*105?
5, 7
Let b = -1 + 1. Suppose -4*j = -b*j - 64. List the prime factors of j.
2
Suppose -8*r = -3*r + 15. Let z = r + 8. List the prime factors of z.
5
Let b(h) be the second derivative of h**3/2 - h**2 + h. What are the prime factors of b(4)?
2, 5
Suppose 2*j + 4 = 12. Suppose 6 = 4*z - 6*z, j*g - 4*z - 76 = 0. List the prime factors of g.
2
Suppose 2*c - 3*c = 2. Let y(f) = -6*f**3 - 2*f**2 - 4. What are the prime factors of y(c)?
2, 3
Let s(j) = j**3 - 9*j**2 + 4*j + 3. Let f = 7 - -2. List the prime factors of s(f).
3, 13
Suppose 0*p - 4*p + 44 = 0. Let l be 5 + (-3)/3*4. What are the prime factors of l*(p + (-4)/2)?
3
List the prime factors of (-203)/(-2) - 14/(-28).
2, 3, 17
Let c(r) = 42*r - 2. What are the prime factors of c(1)?
2, 5
Let z(a) = a**2 - 5*a. Let y be z(6). Suppose g + 25 = y*g. Suppose f = -3*k + 29, g*k + 0*f - 30 = 2*f. List the prime factors of k.
2
Let b = 163 + -39. List the prime factors of b.
2, 31
Let i(c) = 7*c**2 + c - 17. Let q(v) = -3*v**2 - v + 8. Let b(m) = -2*i(m) - 5*q(m). Let p = 21 + -26. What are the prime factors of b(p)?
2
Let o = 24 - 15. Let r = o + -4. What are the prime factors of r?
5
Let b = 15 + 1. Suppose -2*r - 4*g = -0*g - b, 3*g + 14 = 5*r. List the prime factors of r.
2
Let p(u) = 2*u**2 - 5*u - 8. What are the prime factors of p(7)?
5, 11
Suppose 0*v - 10 = -5*v. Let x be 12*(3 + (-1 - -1)). Suppose 0 = v*n + 2*n - x. List the prime factors of n.
3
Suppose q + k - 58 = -3*k, -4*k = 2*q - 116. List the prime factors of q.
2, 29
Let m = -98 - -148. List the prime factors of m.
2, 5
Let l = 325 + -151. What are the prime factors of l?
2, 3, 29
List the prime factors of 1 + 0 + (6 - 2).
5
Let w(i) = i**3 + 9*i**2 - 10*i + 2. Let v be w(-10). Suppose 3 = 3*h, -v*m = 5*h - 11 - 24. List the prime factors of m.
3, 5
Let l = 20 + -15. What are the prime factors of l?
5
Let c = 155 + 14. List the prime factors of c.
13
Suppose 0 = -5*h, 0 = -5*r + 4*h - 0*h + 680. What are the prime factors of r?
2, 17
Let c = -1 + 1. Let r(m) = m**3 - m**2 - m + 24. Let y be r(c). List the prime factors of y/3 + 0 + 1.
3
Let k(q) = -q**2 - 7*q + 8. Suppose j = 5*m - 17, j - 4*m + 15 = -0*j. Let o be k(j). Let v(x) = -x**3 + 9*x**2 - 8*x + 8. List the prime factors of v(o).
2
What are the prime factors of (18/4)/9*6 - -28?
31
Suppose -20 = -5*i + 5*z, -3*i + 2*z - 1 = -11. List the prime factors of (-1)/2 + 23/i.
11
Suppose 5*d - 10 = 165. List the prime factors of d.
5, 7
Suppose -18 - 11 = -m - 5*b, -10 = -2*b. Let u(k) = k**3 - 6*k**2 + 6*k - 5. Let o be u(m). Let c = o + 25. List the prime factors of c.
2, 3
Suppose 3 = 3*s - 2*s. Suppose s*h + 5*a - 67 = 0, -3*a = h + h - 45. What are the prime factors of h?
2, 3
Suppose 2*d = 3*o - 2, -3*d = -5*d - 5*o + 30. What are the prime factors of d?
5
Let q(c) = c**2 - 10*c + 11. Let j be q(9). Suppose h - 39 = -5*v, -j*v = h - 2*h - 10. List the prime factors of v.
7
Let v be (4 - -2)/2 + -2. Suppose y = 3 + v. Suppose 0 = -5*o + y*i - 1 - 5, 2 = -3*o + 2*i. List the prime factors of o.
2
Let p(q) = -20*q - 4 + 4 + 16*q. What are the prime factors of p(-8)?
2
Suppose -n - 3*d = 4*n - 5, -2*n - 4*d - 12 = 0. Suppose -n*y + 2*y - c = -7, y + 4 = c. What are the prime factors of (1/(1/11))/y?
11
Suppose 6 = p - 3. What are the prime factors of p?
3
Suppose 14 = 5*i - 16. Let n be 0/(-2)*(0 - -1). Suppose -r + i - 1 = n. List the prime factors of r.
5
Let l(s) = -3*s + 2. Let x be 10/(-2)*4/(-10). Suppose -7*k + x*k = 0, -2*u = -5*k + 4. List the prime factors of l(u).
2
Suppose -10*y + 606 = -314. List the prime factors of y.
2, 23
Let k = -3 + 3. Suppose -2*m + 6 + k = 0. List the prime factors of 1*1/m*33.
11
Suppose 0 = 5*n + u - 292, -4*n + 304 = n - 3*u. List the prime factors of n.
59
Let a = -11 - -11. Suppose 0 = 3*f - a - 6. Suppose -26 = -f*q - 10. List the prime factors of q.
2
Let j(x) = -x**2 + 5*x + 4. Let i(c) = -c**2 - 5*c - 4. Let z be i(-4). Let f = z + 3. What are the prime factors of j(f)?
2, 5
Let u be 16/6 + 1/3. Suppose 3*x - 27 = -u*z, -5*x + 7 = -3*z - 30. Let t = x - 4. What are the prime factors of t?
2
Let s(t) = t**2 - 4*t - 3. Let x(o) = -o. Let y(i) = -s(i) - 3*x(i). Suppose -2*j + 12 = -a, 0 = j + 4*a - 6. List the prime factors of y(j).
3
Let d = 21 - -16. List the prime factors of d.
37
What are the prime factors of ((-10)/6 - -2)*222 - -2?
2, 19
Let p be (-3)/((-432)/140 + 3). List the prime factors of -1*p*(-6)/10.
3, 7
Suppose w = n + 32 - 3, -3*n = 4*w - 116. What are the prime factors of w?
29
What are the prime factors of 777/(-14)*6/(-9)?
37
Suppose -3*d - 3*x = 21, -3*d - 17 = -4*d + 5*x. Let y = 14 + d. What are the prime factors of y?
11
Suppose -3*o - 2*k + 726 = 0, 2*o = 4*o - 3*k - 484. What are the prime factors of o?
2, 11
Suppose 5*m - j - 30 = -6*j, -5*j = 0. List the prime factors of m.
2, 3
Suppose 21 = 3*m + 114. Let r be (m/(-2))/(2/(-4)). Let s = r - -43. What are the prime factors of s?
2, 3
List the prime factors of 1390/25*25/10.
139
Suppose 0 = 3*q - 4*q. Suppose q = -6*l + 205 + 35. List the prime factors of l.
2, 5
Let i = 20 + -12. Suppose 0*d = 4*d + i, 0 = -u - 3*d + 28. Suppose -k + 3*k + 58 = 4*q, -2*q - 4*k = -u. List the prime factors of q.
3, 5
Let w = 0 + 2. Let x be w/3*3 - -3. Suppose -4*c = 5*r - 35, -4*c + 2*c = -5*r + x. What are the prime factors of c?
5
Let y(q) = q**2 + 3*q + 2. Let m be y(-2). Suppose 12 = x - m*x. What are the prime factors of x?
2, 3
Suppose 0 = 4*z - 0 - 60. What are the prime factors of z?
3, 5
Suppose -181 = 2*n - 7*n + 3*z, -4*n + 4*z + 148 = 0. What are the prime factors of n?
5, 7
Let d be (-215)/(-15) + 2/(-6). Suppose 4*i = s + 27, -d = -3*i - 2*s + 4*s. Suppose -i = -2*j, -2*n + n - 3*j = -24. What are the prime factors of n?
2, 3
Let k be 3 + -5 + 1*40. Let c = k + -18. Let x = c - 7. List the prime factors of x.
13
What are the prime factors of (0 - -59)*(-4 - -9)?
5, 59
Suppose 0 = -5*h - 17 - 3. List the prime factors of ((-10)/h)/5*94.
47
Suppose 4*c = -6*l + 8*l + 186, 0 = 3*c - 4*l - 142. What are the prime factors of c?
2, 23
Let j(z) = 3*z**3 + z**2 + 2*z + 7. List the prime factors of j(4).
223
Let a = 7 + -5. Suppose f + a = -5. Let v = 12 + f. List the prime factors of v.
5
Let g be (26/65)/(2/20). Suppose g*w + 66 = 7*w. List the prime factors of w.
2, 11
Suppose 62*d = 63*d - 5. What are the prime factors of d?
5
Let n be (7 - 1)*(-2)/(-4). Suppose n*l - 26 = l. What are the prime factors of l?
13
Let d = 43 + -12. What are the prime factors of d?
31
Suppose -4*l = 3*k + l - 16, -l + 8 = 3*k. Suppose -3*q = k*s - 63, 2*s - 15 = -3*s. What are the prime factors of q?
19
Suppose 3*u + 2*u + 4*f = 241, u = 2*f + 51. What are the prime factors of u?
7
Suppose -5*p + 0*c - 3*c + 1064 = 0, -2*p + 2*c = -432. List the prime factors of p.
2, 107
Let c = 37 + -11. List the prime factors of (-3 + c/(-6))*-3.
2, 11
Suppose 29 = -4*r + 777. What are the prime factors of r?
11, 17
Suppose 2*k - 2*w - 52 = 0, w = 2*k - 9 - 42. Let y = k + -1. List the prime factors of y.
2, 3
List the prime factors of ((-2)/2)/((-7)/567).
3
Let j(c) = c**3 - 7*c**2 - 2*c - 1. What are the prime factors of j(8)?
47
Let j(d) = d**2 + d - 2. Let k = 0 - -2. What are the prime factors of j(k)?
2
Suppose 0*j - 4*j + 8 = 0. Suppose -d - 3*r - 12 = 0, -d + 2*d - 2*r = 13. Suppose -d*p = -j*p - 12. What are the prime factors of p?
2, 3
Let u(m) = -6*m + 6. List the prime factors of u